 Let x = j - 11. Suppose x*w = 8*w - 50. What are the prime factors of w?
2, 5
Suppose 0 = -4*u + 2*g + 20, 0 = 3*u - 2*g - 14 - 1. Suppose 13 - 109 = -2*i - u*v, -3*i + 139 = 5*v. Let k = 66 - i. List the prime factors of k.
23
Suppose -29*i + 21*i + 7776 = 0. What are the prime factors of i?
2, 3
Let d(n) = -63*n - 988. List the prime factors of d(-16).
2, 5
Suppose 2*i - 4*i = -n - 41, -2*i + 4*n = -32. Let x = -18 + i. Suppose -5*j + v + 232 = 3*v, -v = -x*j + 183. List the prime factors of j.
2, 23
Suppose 18*c - 24209 = -1565. List the prime factors of c.
2, 17, 37
Let g = -285 + 2802. List the prime factors of g.
3, 839
Suppose -8*a + 10*a = -5*q + 448, 5*q + a = 449. What are the prime factors of q?
2, 3, 5
Suppose m = h - 1658 + 6573, -2*m - 2*h + 9810 = 0. What are the prime factors of m?
2, 5, 491
Suppose 3*g - 3*c - 953 = 2*g, -3*g + 3*c + 2847 = 0. What are the prime factors of g?
947
Suppose -5*l - f + 5 - 32 = 0, -3*l + f - 21 = 0. Let u be l/(-2)*(2 + -1). What are the prime factors of (u/(-1))/(2/(-12))?
2, 3
Let n(b) = b**2 - 12*b + 15. Let y be n(11). What are the prime factors of (-25)/(y - 3 - 2)?
5
Let b(x) = -x**3 - 20*x**2 - 20*x + 94. What are the prime factors of b(-21)?
5, 191
Let m(y) = y**3 + 3*y**2 - 5*y - 1. Suppose -5*a - 18 = 2. Let o be m(a). Suppose -3*s = -3*r - r + 224, r - 56 = -o*s. What are the prime factors of r?
2, 7
Let o = 0 - -3. Suppose -470 = -o*k - 2*k. Let t = k + -51. List the prime factors of t.
43
Suppose -4*h = -3*w - 5*h - 25, 4*h - 20 = 0. Let n(i) = -i**3 - 10*i**2 - 2*i - 8. What are the prime factors of n(w)?
2, 3
Let b(w) = w**2 - 7. Let p = 52 + -55. List the prime factors of b(p).
2
Let z = 408 - 308. What are the prime factors of z?
2, 5
Let s = -252 - -260. Suppose 0 = -7*v + 4*v + 66. What are the prime factors of 524/v + s/44?
2, 3
Suppose -18 = -o - 15. Suppose 2*z + 15 = o. Let t = z + 16. What are the prime factors of t?
2, 5
Let b = 13 + -15. Let c be (b/4)/(4/(-24)). Suppose 2*m - 68 = -4*d, 4*m - 100 = 4*d - c*d. List the prime factors of m.
2, 13
Let z(q) = q - 7. Let l be z(7). Let g(k) = 107*k + 1. Let h be g(1). Suppose -5*n + h = -2*x, -3*n + 4*n + 5*x = l. What are the prime factors of n?
2, 5
Let s = -24 + 2. Suppose 73*x - 91*x = -756. Let b = x - s. List the prime factors of b.
2
Let f be (-1 + -3 + 2)*34. Let o = f + 159. List the prime factors of o.
7, 13
Suppose -3*x + 2*k - 55 = 0, 2*x + 2*x - k = -70. Let l = x - 71. Let p = l - -133. List the prime factors of p.
3, 5
Let i be ((2 - 3) + -4)/(-1). Let c(z) = -z**3 + 7*z**2 - z - 6. Let n(h) = h**3 - 6*h**2 + 5. Let w(y) = 2*c(y) + 3*n(y). List the prime factors of w(i).
2, 3
Let u = -6 + 21. Let l = u - 0. List the prime factors of l.
3, 5
Suppose 772 - 2380 = -8*z. What are the prime factors of z?
3, 67
Let g(p) = 24*p - 24 - 86*p - 19*p. What are the prime factors of g(-3)?
3, 73
Suppose -18*p = -15*p + 9, -2*p - 1578 = -4*a. What are the prime factors of a?
3, 131
Let f(l) be the third derivative of l**5/15 - 7*l**4/24 - l**3/2 + 10*l**2. What are the prime factors of f(-3)?
2, 3
Let d = 51 - 36. Suppose 0 = -19*q + d*q + 312. List the prime factors of q.
2, 3, 13
Suppose -p - p + 4 = -c, -c - 4 = 2*p. Suppose -5*w - 4*b = -95, p = w + 4*b - 9*b + 10. What are the prime factors of w?
3, 5
What are the prime factors of (-2 - (-120)/57) + (-3590)/(-190)?
19
Let j(t) = -t + 8. Let c be j(0). Suppose 3*h + c = 32. Let p = h - 5. What are the prime factors of p?
3
Suppose -3*a + 2313 + 855 = 0. List the prime factors of a.
2, 3, 11
Suppose 4*f - 130 = -2*a, -3*f + 99 = 5*a - 2*a. Suppose -3*q - 7 = f. Let c = q + 52. List the prime factors of c.
3, 13
Suppose 265 = 3*n - 3*x - 218, -2*n - 5*x = -294. List the prime factors of n.
157
Let p be 19/4*40/((-2)/(-1)). Suppose 3*n + j = 140 + 165, n - p = -2*j. What are the prime factors of n?
103
Suppose 10*l + 2493 = 15273. List the prime factors of l.
2, 3, 71
Suppose -3*o - 1022 = -2*c + 2*o, 3*o = -4*c + 2070. What are the prime factors of c?
2, 3, 43
Let c(z) = -2*z - 18. Let x be c(-11). Let l = 3 - 3. Suppose 0 = 5*s + t - 105, l = -t + x*t. List the prime factors of s.
3, 7
Suppose 7*h = 227 + 116. What are the prime factors of h?
7
Let z(g) = -g**2 + 10*g. Let x be z(7). Let h = x + -25. Let j(q) = q**3 + 6*q**2 + 3*q + 9. List the prime factors of j(h).
29
Suppose 3*b - 1545 = 7*t - 10*t, 0 = t + 5*b - 535. What are the prime factors of t?
2, 3, 5, 17
Let l(o) = -15*o - 3. Let j be l(3). Let k = j + 74. List the prime factors of k.
2, 13
Let k(t) be the first derivative of -t**4/4 - 5*t**3/3 + 3*t**2 + 7*t - 2. Let f = -44 + 38. What are the prime factors of k(f)?
7
Let s be (1 + -2)/((-1)/5). Suppose -20*t - 31 = -111. Suppose s*l = -t*b + 36, 4*b - 3*l + 1 - 5 = 0. List the prime factors of b.
2
Suppose 0 = -35*f + 36*f - 785. Suppose 2*a = -8*y + 3*y + f, 4*y = 4*a + 600. List the prime factors of y.
5, 31
Let d be (0 + -4 - -196) + (0 - 0). Suppose -187*s - 1460 = -d*s. List the prime factors of s.
2, 73
Suppose -3*g + 38*p = 34*p - 4699, 4*p = 5*g - 7829. List the prime factors of g.
5, 313
Let r(t) = 8*t**2 - 12*t - 10. What are the prime factors of r(8)?
2, 7, 29
Let c(k) = -k**3 - 25*k**2 - 46*k + 38. List the prime factors of c(-23).
2, 19
Let k(c) = -622*c + 89. List the prime factors of k(-3).
5, 17, 23
List the prime factors of (-1414)/4*-2 + (-5 - 0).
2, 3, 13
Suppose 9*y = -601 + 2923. List the prime factors of y.
2, 3, 43
Suppose -1145 = 8*w - 3*w. Let d = w - -355. List the prime factors of d.
2, 3, 7
Let n(r) = r**3 + 9*r**2 - 34*r + 10. List the prime factors of n(-10).
2, 5
What are the prime factors of 81/216 - 7109*3/(-24)?
7, 127
Let j(a) = 51*a**3 - a**2 - 2*a - 1. Let r be j(2). Let o = 600 - r. List the prime factors of o.
3, 67
Let y(q) = -5*q - 2 - 15*q + 11*q. Let p be (-5)/(-20) + 18/(-8). What are the prime factors of y(p)?
2
Let b(x) = 3*x**2 + 20*x - 1. Let n be b(-19). Suppose -3*s + n = 6*s. What are the prime factors of s?
2, 3, 13
Suppose -3*f + 13 = -h, 8*f = 4*f + 8. List the prime factors of ((-468)/(-42))/((-1)/h).
2, 3, 13
Suppose 0*p - 1095 = -3*p - 5*q, 0 = -p - 2*q + 364. List the prime factors of p.
2, 5, 37
Let i = -25 + 74. Let v(q) = -q**3 + 7*q**2 + 10*q - 16. Let o be v(8). Suppose 6*c - 421 + i = o. List the prime factors of c.
2, 31
Let r = 79 - -94. List the prime factors of r.
173
Suppose 2*r + 2*n = 6*n + 354, 5*r + 3*n - 872 = 0. What are the prime factors of r?
5, 7
Let k(c) be the third derivative of -c**5/60 - c**4/2 + 11*c**3/6 - 2*c**2. Let b be k(-13). Let h = b + 12. List the prime factors of h.
2, 5
Let t(z) = -14 + 11*z**2 - 26 + z - 2*z + 31. What are the prime factors of t(5)?
3, 29
Let j = 90 - 52. Suppose 66 + j = 8*s. List the prime factors of s.
13
Suppose x + h = 2*h + 1, -7 = x - 3*h. Suppose p = 4*u - 18, -4*p - x = -3*u + p. List the prime factors of -2 + u + (-3)/(-3).
2
What are the prime factors of (-370)/(12/(-6)) - -4?
3, 7
Let u(z) = 53*z**2 + 8*z + 10. List the prime factors of u(-6).
2, 5, 11, 17
Suppose -14*q = -53*q + 19617. List the prime factors of q.
503
Suppose -2*u + 3*n = -40, -9*u = -11*u + 2*n + 42. What are the prime factors of u?
23
Suppose -1969 + 6124 = 15*m. List the prime factors of m.
277
Let j(i) = -i**3 - 10*i**2 - 11*i - 10. Let c be j(-9). Suppose 2*a + c = -2*t, 0 = -t + 2*a + 5 + 6. List the prime factors of 1 + 1 - (t - 34).
5, 7
Suppose -m + 0 + 2 = -2*k, 8 = 4*m - k. Let q(n) = 6*n - 1. Let y be q(m). Let o(t) = t**2 - 9*t - 3. What are the prime factors of o(y)?
19
Let c be 116/(-6)*(6 + -12). Suppose -34 = -5*h + c. List the prime factors of h.
2, 3, 5
Let l(v) = -v**2 - v - 3. Let t be l(0). Let h be 230/t + (-17)/51. Let b = -24 - h. List the prime factors of b.
53
Let q(s) = 9*s**2 - 10*s - 2*s + s**3 + 8*s - 10*s. What are the prime factors of q(-10)?
2, 5
Suppose 5*y - 27 = -3*c, -2*c - 1 = -0*y - 3*y. Let n be (1 - c) + 4 + -7. Let d(s) = s**2 + 6*s + 5. List the prime factors of d(n).
5
Suppose -4*f + 20 = f. Suppose a - 2 = -f*k + 22, -8 = 3*a - 4*k. What are the prime factors of a + 0 + (-102)/(-3)?
2, 19
Suppose -2*k - 5 = 3*q - k, -q - k = 5. Suppose -3*j + 146 + 73 = q. What are the prime factors of j?
73
Suppose -7*p = 2*x - 2*p - 